n - 186. Let h = f + n. What is the highest common divisor of h and 22?
2
Suppose 3*a + 7*a - 464 = 2*a. What is the greatest common factor of a and 9?
1
Suppose -4*h + t = -37, -23 = -2*h + 5*t - 0. Suppose h - 9 = -3*p. Suppose -9*w + 20*w - 154 = p. What is the highest common factor of w and 14?
14
Let o be ((-2530)/(-165))/((-4)/(-18)). Let a = 0 - -4. Suppose a*b - o = 15. Calculate the highest common factor of b and 126.
21
Let l be (-9)/(-12) + (-2895)/(-12). Let j = l - 74. Let y be 26 + 1 + 63/(-21). What is the greatest common factor of y and j?
24
Let y = -38 + 94. Let t be (-2)/(-2)*6*6/18. Let g be 7/(-14) - (-29)/t. What is the greatest common factor of y and g?
14
Let f(h) = -4843*h**3 - 4*h**2 + 5*h + 8. Let a be f(-1). Calculate the highest common divisor of a and 18.
18
Let b = 105 + -73. Suppose 2*f - 8 = 8. What is the highest common divisor of b and f?
8
Suppose 340*i + 3066 = 361*i. What is the greatest common factor of 5110 and i?
146
Let h(l) = 6*l**2 + 5*l - 7. Let n = -26 - -29. Let v be h(n). Suppose 12*s - 254 = -v. What is the highest common factor of 80 and s?
16
Let g(k) = -k**3 - 7*k**2 + 14*k + 1. Let a = -480 - -470. Let w be g(a). What is the highest common divisor of w and 115?
23
Let x = -1105 - -3775. Calculate the greatest common factor of 267 and x.
267
Let g = 193 + -178. Suppose -g*p + 390 = -10*p. Calculate the greatest common divisor of 52 and p.
26
Let q(j) = -j**2 + 28*j - 1. Let x be q(26). Suppose -3*g + 2*l = -447 - x, -4*g - 2*l = -650. What is the greatest common divisor of 205 and g?
41
Let j be ((-4050)/165 - -24) + 2976/11. Calculate the highest common factor of j and 960.
30
Let b be (-22)/3*(4 + -3 + -10). Suppose -27 - 9 = -4*f - 4*r, 2*r = 5*f - b. Let w be f/(-45)*(-3)/2*45. What is the greatest common divisor of w and 27?
9
Suppose 15*q + 4*l = 134956, 71*l - 76*l = 5*q - 45000. What is the greatest common factor of q and 104?
52
Let b = -45 - -35. Let y be ((-8)/(-16) - 3)/(1/b). Let k = 45 - y. What is the greatest common factor of k and 50?
10
Let u = 483 + -430. Suppose 0 = -2*m - o + 6, -56*o + 14 = 5*m - u*o. Calculate the greatest common factor of m and 12.
4
Let h(p) = -p**2 + p + 2. Let l be h(4). Let w = l - -46. Let x be (1 + -3)/((-3)/w). Calculate the greatest common divisor of 8 and x.
8
Let m be (-5415)/(-75) - (-1 - 1)/(-10). Suppose o = 4*f + 92, 8*o + 552 = 13*o + 3*f. Calculate the greatest common factor of o and m.
36
Let o = -5833 + 3319. Let m be (-12)/28*-1 + o/(-14). Calculate the highest common factor of m and 6.
6
Let h(q) = 2*q - 6. Let r be h(-3). Let g = r + 26. Suppose -5*x = 2*j - 29, x = j - 11 - g. What is the highest common divisor of j and 22?
22
Suppose -29*r + 32*r = -p + 1062, 332 = r + 4*p. What is the greatest common divisor of 7387 and r?
89
Suppose 9*a - 5*a - 112 = 0. Let g = 208 - a. Suppose 9*y = 14*y - g. Calculate the highest common divisor of 324 and y.
36
Let h(b) = 11*b**2 + 4*b - 1. Suppose 19 = -12*o - 5. Let l be h(o). Let y be (21/6)/(1 + 3/(-6)). Calculate the greatest common divisor of y and l.
7
Let d = 8759 - 8741. What is the greatest common divisor of d and 87?
3
Let a = 15708 - 15707. What is the highest common factor of a and 743?
1
Let k be (160/(-200))/((-2)/(-730)). Let z = k - -331. Calculate the highest common factor of 195 and z.
39
Suppose -6*x + 1917 = 3*x. Suppose -3*y + 2*r = 124, -2*r - r - x = 5*y. Let p be (y/12)/((-2)/20). What is the greatest common divisor of p and 7?
7
Let q(i) = i**2 + 5*i + 2. Let g be q(-6). Let u(s) = -4*s + 81. Let k be u(g). Calculate the highest common divisor of k and 147.
49
Suppose 2*r - 218 = -j - 171, -4*j + r = -206. Calculate the highest common factor of 52938 and j.
51
Suppose 0 = 357*l - 365*l + 216. Suppose 4*d + 42 = 5*c - 25, -5*d = 5*c - 40. Suppose -c = -2*u + 7. What is the greatest common divisor of u and l?
9
Suppose n = -333*c + 337*c + 387, 2*c - 1217 = -3*n. Calculate the greatest common divisor of n and 2574.
13
Let u(z) = -4*z - 13. Let k be u(-5). Suppose -49 = k*r - 497. Let y = -24 + r. Calculate the highest common factor of y and 8.
8
Let x(k) = k + 21. Let m be x(0). Let j be 21/2 + m/42. Let n = j - 2. Calculate the highest common factor of 99 and n.
9
Let m(a) be the first derivative of a**3/3 - 23*a**2/2 - 72*a - 2. Let d be m(26). Let h = 1 - -5. Calculate the greatest common divisor of h and d.
6
Suppose 9*i - 14*i = -60. Let h be (-40)/i*3*-1. Let b(t) = t**3 - 4*t**2 - 21*t + 84. Let r be b(6). Calculate the highest common divisor of r and h.
10
Suppose 46*c - 77929 + 24979 = 83946. Calculate the highest common factor of c and 32.
32
Suppose 6*m = 5*r + 3*m - 30, 0 = -2*r - 5*m - 19. Suppose -r*c = -8 + 38. Let n = c + 25. Calculate the highest common divisor of n and 10.
5
Let a(p) = -p**3 + 7*p**2 - 2*p + 12. Let o be -7*(2 - 3) + -2. Let b be a(o). Calculate the greatest common factor of 13 and b.
13
Suppose -5*s + 5*w + 0*w = -22430, 0 = -s - 6*w + 4458. What is the greatest common divisor of 135 and s?
27
Let s be (2 + 1)/(4/92). Suppose -2*g - 3*w - 4 = -39, -3*g = -w - s. Let x = 2244 + -2090. Calculate the greatest common factor of x and g.
22
Let u = 0 - -17. Let a = 19 - 15. Suppose 0 = f + f + a, 4*r = f + 750. Calculate the highest common divisor of r and u.
17
Let c be (-152)/(-1)*((-19)/(-152) + 180/32). What is the highest common factor of c and 414?
46
Suppose 0 = 5*u - j - 1277, 4*j - 7*j - 6 = 0. Let t be (-6)/10 - (-59823)/u. Calculate the highest common divisor of 18 and t.
18
Let b = -2940 + 1608. Let x = -927 - b. What is the highest common divisor of 27 and x?
27
Let o be 4308 + -13 + 238/14. Calculate the greatest common divisor of 77 and o.
77
Suppose 0 = 7*b + 2728 - 719. Let k = b + 349. What is the greatest common factor of k and 279?
31
Suppose -4*a - 4*i - 241 = -i, -3*a - 5*i - 178 = 0. Let b = -18 - 36. Let d = b - a. What is the highest common divisor of 28 and d?
7
Suppose -m = 2*s + 1371, -3*m + 2070 = -9*s + 6*s. Let b = -582 - s. Calculate the highest common divisor of 175 and b.
35
Let a be -1 + 4 + (22459/777 - (-2)/21). Calculate the highest common divisor of a and 1688.
8
Let a = -47 - -54. Let l(i) = -i**2 + 8*i + 2. Let m be l(8). Suppose -m*u = -a*u + 440. Calculate the greatest common divisor of u and 22.
22
Let r(v) = 2*v + 28. Let w(l) = l**2 + 8*l - 20. Let j be w(-10). Let y be r(j). What is the greatest common divisor of 28 and y?
28
Let j = 851 + -491. Let r be (((-32)/6)/(-2))/(16/j). Calculate the highest common factor of r and 165.
15
Suppose -4*d = 5*r - 26, 11 - 1 = 3*r + d. Suppose -r*v + 2*k = 0, v - 4*v - 3*k = -6. Let g = v + 8. What is the greatest common factor of g and 6?
3
Suppose -130*s - 344 = -132*s. Suppose -r = -5*r - 4*w + 356, -2*r + 4*w + s = 0. Let a be (440/(-50))/(4/(-10)). What is the highest common factor of a and r?
22
Let i(b) = b**2 + 27*b - 1633. Let z be i(-61). Suppose 0*t - 5*s + 11 = 4*t, -3 = -2*t - 3*s. Calculate the greatest common divisor of z and t.
9
Suppose 0 = -8*z + 2749 + 5195. Let q = z - 561. Suppose -2*w + q = w. What is the greatest common factor of w and 36?
36
Let g be 5464/14 - (-50)/(-175). Let h be (78/2)/(1*(-2)/(-2)). Calculate the highest common factor of h and g.
39
Suppose -9342 = -127*m - 20*m - 26*m. Suppose x - 154 = -2*y - 0*y, 2*y - 10 = 0. What is the highest common factor of m and x?
18
Let i(o) be the first derivative of -43*o**2/2 - 41*o + 193. Let m be i(-2). Calculate the highest common divisor of 495 and m.
45
Suppose 54*x = 1452 + 629 + 1321. Calculate the greatest common divisor of 4221 and x.
63
Let g(d) be the first derivative of -d**4/4 - 4*d**3/3 + 3*d**2/2 + 1. Let f be g(-6). Let y = -10578 + 10587. Calculate the greatest common divisor of f and y.
9
Let l = -308 + 758. Let y be l/(6 + 0) - 9. Calculate the greatest common divisor of 242 and y.
22
Suppose 0 = -238*o + 73*o - 198*o + 145200. Let d = -39 + 59. What is the greatest common divisor of d and o?
20
Suppose -2*c - 4*y = -5*c - 12, 2*y - 16 = 4*c. Let p be 3/(c - (-258)/60). What is the highest common divisor of p and 26?
2
Suppose 3*g + 0*k = -k + 121, -5*k = -20. Suppose -l = -r - r + 24, -3*l = r - 19. What is the highest common factor of g and r?
13
Suppose